-4*g + 33. Let x(r) = 3*b(r) - 7*u(r). What is the units digit of x(9)?
5
Let x(n) = -n**2 + 5*n + 14. Let w be x(9). Let c = 25 + w. What is the units digit of c?
3
Suppose 26 = 4*m - 2*n - 0*n, 0 = -3*m + 3*n + 27. Let x be (m - 3) + 0 - -1. Suppose -x*j = j - 18. What is the units digit of j?
6
Let c = 5 - 3. Let p = c - -3. Suppose b + 4 = 2, 2*v = -p*b + 14. What is the tens digit of v?
1
Let l be 1/2*(-15 - 1). What is the units digit of (-15*2)/(12/l)?
0
Let n(s) = -s**2 + 5*s + 2. Let h be n(5). Suppose -5*c - 4 = -34. Let f = c + h. What is the units digit of f?
8
Suppose 5*x + p = -14 + 1, 9 = -x + 3*p. Let l be (x - -3) + 5*1. Suppose -g + 5 = -3*m, 3*m = l*g + 8 - 33. What is the units digit of g?
5
Let y(o) = 2*o**3 - 4*o + 4. Let f be y(4). Suppose -5*t + t = -4*h - f, 0 = 2*t - 4*h - 68. Suppose -2*v = v - t. What is the units digit of v?
8
Suppose -72 = -5*i + 2*i. What is the tens digit of i?
2
What is the tens digit of 4438/126 + (-4)/18?
3
Let y = 3 - 3. Suppose y*h - 7 = -h. Suppose 56 = h*i - 3*i. What is the tens digit of i?
1
Let l = 0 + 0. Let t = 9 - 4. Suppose t*w + 11 = -p + 2*p, w + 2 = l. What is the units digit of p?
1
Let s be (-1)/(-1 + -1 + 1). Suppose 4*m - s = 2*u + u, 5*u + 3*m - 37 = 0. Suppose 2*h + u*b = 12, -b = b. What is the units digit of h?
6
Let z(v) = -4*v + 2. Let l = -4 + 1. Let i be z(l). What is the units digit of (-4)/(-14) - (-10)/i?
1
Let u be 12/3 - (1 + -2). Let p = u + -8. What is the tens digit of -5*(-5 + (0 - p))?
1
Let d(j) = 0 - 8 - 14*j - j**2 - 3*j + 5*j. What is the units digit of d(-11)?
3
Suppose 2*p = 3*h + 61, -27 + 75 = p - 5*h. What is the tens digit of p?
2
Let s(o) = -3*o + 12. Let p be s(3). Suppose g + 7 = 25. Suppose -30 - g = -p*n. What is the tens digit of n?
1
What is the tens digit of -3 - (1 + 0 + -24)?
2
Let r(m) = -m**3 - 5*m**2 + 4*m - 8. Let f be r(-6). Let w = f + -4. Suppose -5*p - 3*g + 7*g + 40 = w, 5*g + 29 = p. What is the units digit of p?
4
Suppose 4*k = -0*k - 3*g + 353, 6 = 2*g. Suppose k = 3*w - 4*s, -2*w - 5*s + 11 = -8. What is the tens digit of w?
2
What is the units digit of (5 - 12)/((10/16)/(-5))?
6
Let g(f) = -f + 2. What is the tens digit of g(-8)?
1
Let m(d) = 5*d + 7. What is the tens digit of m(4)?
2
Let r = 18 + -13. Let v be (r + -6)*0/(-2). Suppose y = -5*h - 10 + 37, v = -5*y - 3*h + 47. What is the units digit of y?
7
Suppose -2 = 5*m - o + 2, -3*m + 16 = 4*o. Suppose -p + 4 + 12 = m. What is the units digit of p?
6
What is the units digit of 996/(-16)*(-32)/24?
3
Let s = -20 - -35. Let v be (s/12)/(1/52). Suppose 14 - v = -3*d. What is the tens digit of d?
1
Let q(x) = 4*x**2 + 18*x - 4. What is the hundreds digit of q(-8)?
1
Let d be 5/25 + 9/5. Suppose -5*j = -d*j - 5*x - 53, -51 = -5*j - x. What is the tens digit of j?
1
Suppose -2*a + 4*d - 10 = d, 3*d - 12 = 0. What is the units digit of (2/2)/(a/7)?
7
Let l(d) = 100*d - 8. What is the hundreds digit of l(2)?
1
Suppose 136 = x - 5*s, 3*x + 2*s + 356 = 6*x. What is the hundreds digit of x?
1
Suppose 7*l = 685 + 246. What is the hundreds digit of l?
1
Suppose 127 = 4*a - 69. What is the tens digit of a?
4
Suppose 2*y + 2 - 6 = 2*x, 5*y = 3*x + 10. Suppose -3*h - y*q + 17 = -5, 4*q - 8 = 3*h. What is the units digit of h?
4
Let k(n) = -1 - 6*n + 0*n**2 + 3 - n**3 - 6*n**2. What is the units digit of k(-5)?
7
Suppose -3*g + 14 = 5*v, g + 22 - 4 = 4*v. Suppose 2*f - 62 = -3*f - w, v*f + w - 50 = 0. What is the units digit of f?
2
Let t(d) = -8*d + 50. What is the tens digit of t(0)?
5
Let g be (-212)/12 - (-2)/(-6). Let f be 6/g + (-32)/(-6). Suppose -r - f*m + 1 + 5 = 0, 3*r = -2*m + 31. What is the units digit of r?
1
Let d be (-156)/(-16) - 1/(-4). What is the units digit of 35/14*12/d?
3
Suppose 5*f + 3*z - 91 = 0, -2*f - 2*z + 31 + 3 = 0. What is the tens digit of f?
2
Suppose 3*j = -0*c + 2*c - 24, 3*c - 4*j - 37 = 0. Let m = 28 - c. What is the units digit of m?
3
Suppose -13*u - 1617 = -4646. What is the hundreds digit of u?
2
Let j be -2 + 4*4/8. Suppose j = -2*v + 35 + 1. What is the units digit of v?
8
Let z = 5 + 3. What is the units digit of z?
8
Suppose 4*z - 4*d + 28 = -3*d, 0 = -4*z - 2*d - 40. What is the units digit of -2*z*1/1?
6
Let k = 177 - 126. Let p = -30 + k. What is the units digit of p?
1
Let b = -31 + 48. What is the units digit of b?
7
Let y(v) be the first derivative of v**2/2 + v + 3. Let h be y(-4). Let d = h - -7. What is the units digit of d?
4
Suppose -10*a + 176 = -6*a. What is the units digit of a?
4
Suppose 25 = -2*i + 7. What is the units digit of 3/i + 31/3?
0
What is the hundreds digit of -3 - (-1)/((-1)/(-304))?
3
Let z(q) = 3*q - 5. What is the units digit of z(6)?
3
Suppose -t + 60 = -15. What is the units digit of t?
5
Suppose 67 = 4*u - 3*a, -8*a = -u - 3*a + 4. What is the tens digit of u?
1
Suppose 0 = -2*r - k - 2*k + 13, -5*r + 2*k - 15 = 0. Let v(b) be the second derivative of b**4/4 + b**2/2 - 2*b. What is the units digit of v(r)?
4
Let t(w) be the second derivative of 1/3*w**3 + 0 - 7/12*w**4 + 2*w - 5*w**2 + 1/20*w**5. What is the units digit of t(7)?
4
Let j = 7 - 3. Suppose 2*h - j = 2. Let t(r) = -r + 4. What is the units digit of t(h)?
1
Let i be (-1)/2*-4 + 2. Suppose -d = -i*d + 75. What is the tens digit of d?
2
Suppose -2*l - 2 = -3*l. Let k(m) be the first derivative of 2*m**2 - 2*m + 2. What is the units digit of k(l)?
6
Suppose 5*r = -3*k - k + 163, 3*r + 2*k = 99. What is the tens digit of r?
3
Let u(d) = -16*d**3 - d**2. Let v be u(-1). Suppose -3*t + 6 = -v. What is the units digit of t?
7
Let h be (9/27)/((-2)/(-24)). Suppose h*x - 15 - 25 = 0. What is the tens digit of x?
1
Suppose -2*o + 1 = -1. Suppose -3 = -d - o. What is the units digit of d?
2
Let o be (-4)/6 - 26/(-39). Let r(f) = f**2 + 10. What is the tens digit of r(o)?
1
Suppose -3*x = -112 + 49. What is the units digit of x?
1
Let q(n) = n**3 + 9*n**2 - 7*n + 13. What is the units digit of q(-9)?
6
What is the units digit of 20 + 2 + -2 + -2?
8
Let h(u) = 2*u**2 - 4*u - 1. What is the units digit of h(3)?
5
Suppose 0 = 5*w - 131 + 11. What is the units digit of w?
4
Suppose 9 = 3*u + u - 3*m, -20 = -5*u + 2*m. Let q = 10 - u. What is the units digit of q?
4
Let b(m) = 5*m + 1. Let l be b(1). Let z(g) = -5 + g**3 - 4*g - 2*g**2 - g**2 - g**2 + l*g. What is the units digit of z(4)?
3
Let h(f) be the second derivative of f**5/20 - f**4/2 + 7*f**3/6 + f**2/2 + f. What is the tens digit of h(5)?
1
Let a = 47 - -54. What is the units digit of a?
1
What is the tens digit of 122 + 1 + (0 - 7) + 4?
2
Let j(h) = 2*h**2 + 9*h + 9. What is the tens digit of j(-7)?
4
Let y = -9 + 8. Let m(w) = -9*w + 2 + 1 - 4. What is the units digit of m(y)?
8
Let k be 2 + (3 - (-4 + 3)). Let w(m) = m**3 - 4*m**2 - 8*m - 5. What is the units digit of w(k)?
9
Suppose 0*c = c - 2. What is the units digit of (-42 + -8)/(0 - c)?
5
Let p be (3 - (4 + -1))*1. Suppose 2*m + 3*m - 60 = p. What is the tens digit of m?
1
Suppose 690 = 10*z - 4*z. What is the tens digit of z?
1
Let k(g) = 7*g + 16. What is the units digit of k(9)?
9
Suppose -90 = -5*u + 5*i, 0 = -6*u + 2*u + 3*i + 70. What is the tens digit of u?
1
Suppose 0 + 5 = 5*q. Suppose 5*m = q + 59. What is the tens digit of m?
1
Suppose g = 6*g + 55. What is the units digit of g/(-6) - 1/(-6)?
2
Let b = -46 - -106. What is the tens digit of b?
6
Let k = -53 - -163. What is the tens digit of k?
1
Let q(r) = r**3 + r**2. Suppose 2*g - 4*z = -2, -4*g + g - 3 = 3*z. Let p be q(g). Let u = p + 4. What is the units digit of u?
4
Let s(o) = -o + 3 - 1 - 2*o + 3*o**2. Let y be s(2). Suppose 10 = 5*n + 5*i, 4*n - 3*i - y = 2*i. What is the units digit of n?
2
Let o(x) be the first derivative of x**2 - 5*x + 2. Let f be -3 - -12*(3 + -2). What is the tens digit of o(f)?
1
Let y(x) = 5*x**2 + x + 2. Let k be y(-4). Let d = -47 + k. What is the units digit of d?
1
Let a(y) = -13*y - 12. Let h be a(-8). Let k = -64 + h. What is the units digit of k?
8
Let q(n) = -n**3 + 3*n**2 + 4*n + 2. Let t be q(4). Let k be (-1)/t + (-37)/(-2). Suppose -u - k = -3*u. What is the units digit of u?
9
Let l be 3/(-5) - 2/5. Let w be 2 + 0*l/(-3). Suppose -w*i = -3*i + 8. What is the units digit of i?
8
Suppose -2*g - 18 + 3 = -5*r, 2*r - 3*g = 6. Suppose -5